he thousands digit of 407162?
7
What is the thousands digit of 223837?
3
What is the units digit of 22749848?
8
What is the hundred thousands digit of 2812845?
8
What is the millions digit of 4455363?
4
What is the ten thousands digit of 2327944?
2
What is the thousands digit of 1405719?
5
What is the units digit of 127296?
6
What is the units digit of 71327?
7
What is the thousands digit of 5923905?
3
What is the hundred thousands digit of 35292853?
2
What is the hundred thousands digit of 1784564?
7
What is the units digit of 862264?
4
What is the millions digit of 5455720?
5
What is the thousands digit of 102030?
2
What is the tens digit of 1086216?
1
What is the ten thousands digit of 2066002?
6
What is the units digit of 12769?
9
What is the ten thousands digit of 184824?
8
What is the ten thousands digit of 1549577?
4
What is the units digit of 755365?
5
What is the hundreds digit of 336321?
3
What is the tens digit of 2160934?
3
What is the tens digit of 1035936?
3
What is the tens digit of 11557707?
0
What is the hundreds digit of 441971?
9
What is the thousands digit of 271924?
1
What is the thousands digit of 2283856?
3
What is the units digit of 45558?
8
What is the hundred thousands digit of 338631?
3
What is the units digit of 1011951?
1
What is the millions digit of 1009700?
1
What is the ten thousands digit of 7411411?
1
What is the thousands digit of 86354?
6
What is the ten thousands digit of 14589713?
8
What is the thousands digit of 14114808?
4
What is the hundreds digit of 557586?
5
What is the hundreds digit of 223828?
8
What is the ten thousands digit of 44378?
4
What is the hundred thousands digit of 2545885?
5
What is the ten thousands digit of 107888?
0
What is the hundred thousands digit of 1410248?
4
What is the units digit of 1072523?
3
What is the tens digit of 902897?
9
What is the thousands digit of 2489669?
9
What is the millions digit of 22857137?
2
What is the units digit of 1570368?
8
What is the units digit of 61683?
3
What is the units digit of 4120551?
1
What is the thousands digit of 1085472?
5
What is the thousands digit of 8683537?
3
What is the ten thousands digit of 280903?
8
What is the hundreds digit of 3494867?
8
What is the hundreds digit of 285624?
6
What is the units digit of 3217182?
2
What is the units digit of 2754192?
2
What is the thousands digit of 280015?
0
What is the hundred thousands digit of 11292049?
2
What is the hundreds digit of 207827?
8
What is the units digit of 1377059?
9
What is the tens digit of 2487724?
2
What is the thousands digit of 793742?
3
What is the thousands digit of 350878?
0
What is the hundred thousands digit of 4282508?
2
What is the hundred thousands digit of 1006061?
0
What is the ten millions digit of 25893468?
2
What is the millions digit of 10049281?
0
What is the tens digit of 7559222?
2
What is the ten millions digit of 13568530?
1
What is the thousands digit of 14816558?
6
What is the millions digit of 1602315?
1
What is the hundreds digit of 4634895?
8
What is the hundred thousands digit of 757569?
7
What is the thousands digit of 348881?
8
What is the millions digit of 1926618?
1
What is the millions digit of 27702982?
7
What is the millions digit of 2018106?
2
What is the hundred thousands digit of 5363953?
3
What is the hundreds digit of 2877477?
4
What is the hundreds digit of 3194745?
7
What is the hundreds digit of 1415872?
8
What is the hundreds digit of 254500?
5
What is the tens digit of 3492053?
5
What is the hundreds digit of 10472932?
9
What is the hundred thousands digit of 208343?
2
What is the thousands digit of 4631915?
1
What is the units digit of 2760448?
8
What is the units digit of 799894?
4
What is the hundred thousands digit of 1128701?
1
What is the units digit of 9652152?
2
What is the thousands digit of 251478?
1
What is the hundred thousands digit of 764415?
7
What is the tens digit of 191625?
2
What is the hundreds digit of 8192189?
1
What is the ten thousands digit of 236309?
3
What is the tens digit of 26108684?
8
What is the millions digit of 6828219?
6
What is the hundreds digit of 1185376?
3
What is the hundreds digit of 696332?
3
What is the hundreds digit of 99057?
0
What is the tens digit of 217348?
4
What is the units digit of 13383627?
7
What is the ten thousands digit of 1297292?
9
What is the ten thousands digit of 1848382?
4
What is the ten thousands digit of 2765550?
6
What is the millions digit of 1281037?
1
What is the thousands digit of 9281802?
1
What is the millions digit of 13427787?
3
What is the hundreds digit of 3294282?
2
What is the hundred thousands digit of 2415156?
4
What is the millions digit of 5834276?
5
What is the hundred thousands digit of 2608040?
6
What is the hundreds digit of 10959973?
9
What is the hundred thousands digit of 11257806?
2
What is the hundreds digit of 25913955?
9
What is the units digit of 4684698?
8
What is the thousands digit of 987510?
7
What is the hundreds digit of 33559?
5
What is the millions digit of 35367015?
5
What is the ten thousands digit of 330645?
3
What is the hundred thousands digit of 713875?
7
What is the hundred thousands digit of 198976?
1
What is the tens digit of 187490?
9
What is the hundreds digit of 2859090?
0
What is the units digit of 279318?
8
What is the hundreds digit of 257112?
1
What is the ten thousands digit of 742437?
4
What is the units digit of 91819?
9
What is the tens digit of 1356518?
1
What is the thousands digit of 472265?
2
What is the thousands digit of 384956?
4
What is the units digit of 13424287?
7
What is the units digit of 122212?
2
What is the ten thousands digit of 284811?
8
What is the ten thousands digit of 227638?
2
What is the hundred thousands digit of 1892530?
8
What is the thousands digit of 4232189?
2
What is the thousands digit of 42984722?
4
What is the ten thousands digit of 7125571?
2
What is the thousands digit of 130527?
0
What is the millions digit of 20405978?
0
What is the thousands digit of 5730143?
0
What is the units digit of 288075?
5
What is the ten thousands digit of 43065?
4
What is the tens digit of 591189?
8
What is the thousands digit of 99051?
9
What is the thousands digit of 12141208?
1
What is the hundreds digit of 15002267?
2
What is the tens digit of 117205?
0
What is the hundred thousands digit of 10390812?
3
What is the thousands digit of 12898285?
8
What is the units digit of 1795035?
5
What is the ten thousands digit of 30337?
3
What is the millions digit of 24749782?
4
What is the ten millions digit of 23162959?
2
What is the ten thousands digit of 1083924?
8
What is the hundreds digit of 6601356?
3
What is the millions digit of 5447809?
5
What is the ten thousands digit of 7734934?
3
What is the hundreds digit of 18110593?
5
What is the hundred thousands digit of 1533215?
5
What is the tens digit of 6482995?
9
What is the thousands digit of 5729732?
9
What is the tens digit of 6099942?
4
What is the ten millions digit of 11500683?
1
What is the thousands digit of 373046?
3
What is the tens digit of 110774?
7
What is the thousands digit of 126290?
6
What is the millions digit of 2192967?
2
What is the ten thousands digit of 4023498?
2
What is the hundreds digit of 228319?
3
What is the ten thousands digit of 172958?
7
What is the hundreds digit of 39361?
3
What is the tens digit of 4961047?
4
What is the ten thousands digit of 864774?
6
What is the hundreds digit of 43947?
9
What is the units digit of 342062?
2
What is the hundreds digit of 1085363?
3
What is the hundred thousands digit of 705614?
7
What is the tens digit of 34574406?
0
What is the ten thousands digit of 3289588?
8
What is the ten thousands digit of 522071?
2
What is the units digit of 9943563?
3
What is the hundred thousands digit of 491490?
4
What is the hundreds digit of 6242967?
9
What is the units digit of 708433?
3
What is the ten thousands digit of 1045467?
4
What is the units digit of 3577196?
6
What is the thousands digit of 4670011?
0
What is the ten thousands digit of 4437907?
3
What is the thousands digit of 599725?
9
What is the ten thousands digit of 1197815?
9
What is the hundred thousands digit of 1933655?
9
What is the ten thousands digit of 2432240?
3
What is the millions digit of 8962823?
8
What